-5*t + 10 = -g*t. Is t a multiple of 4?
False
Suppose 4 = -2*x, o + 3*o = 5*x + 90. Is o a multiple of 5?
True
Let g(j) = j**3 + 5*j**2 + 4*j - 2. Let o be g(-4). Let p be o/(-4) + (-45)/(-6). Is 10 a factor of (30/p)/((-6)/(-32))?
True
Let s be (-2)/8 + 1155/12. Suppose 5*d + 16 = s. Is d a multiple of 6?
False
Is (-2)/8 + 858/104 a multiple of 8?
True
Suppose -5*x = -262 + 67. Does 11 divide x?
False
Let z(s) = 2*s**2 - 3*s + 1. Let j be z(2). Suppose -w = -2*x + j, -4*w = -0*w - 5*x. Suppose 46 = w*u - 59. Does 8 divide u?
False
Let g(q) = q**2 + 8*q + 5. Let n = 17 + -28. Is g(n) a multiple of 19?
True
Suppose 6 = -5*d + 186. Does 26 divide d?
False
Suppose 15 = -4*k + 119. Suppose 4*w - 100 = r, 2*w + 2*r - 86 = -k. Does 13 divide w?
True
Let j(w) = w**3 - 2*w**2 - 2*w + 4. Let q be j(3). Suppose 2*l + 140 = q*l. Suppose -x + 36 = 3*x - 3*p, -x + l = 4*p. Is x a multiple of 6?
True
Let m be 12/(-6) - 24/(-2). Let i(r) = -r**3 + 10*r**2 + r + 7. Does 8 divide i(m)?
False
Let c be -2*2 + 0 + 2. Suppose -p + 3*p - h = 6, 4*h + 10 = p. Is 11 a factor of (p + (c - 2))*-16?
False
Let j be 1 + 43 + 2 + -2. Let u = j + -84. Let v = u - -68. Is 14 a factor of v?
True
Let w(b) = -b**2 - 10*b - 4. Is 10 a factor of w(-6)?
True
Let s = -10 - -5. Let k = 2 - s. Let b = -2 + k. Does 3 divide b?
False
Is ((-13)/4)/((-4)/112) a multiple of 11?
False
Let g = -119 - -166. Does 7 divide g?
False
Let g(u) = 4*u - 3*u**2 - 6*u + 5*u**2 - 2. Let v be g(-4). Let q = 77 - v. Is q a multiple of 13?
True
Suppose 0 = 4*x + 4 - 20. Is 15 a factor of -1 - -32 - x/4?
True
Suppose 0 = v + 2*v - 33. Let g = -8 + v. Is 3 a factor of g?
True
Suppose 8 = 2*k, 0*f - 2*f - k = -114. Does 15 divide f?
False
Let p(d) = -d**2 + 9*d + 5. Let r be p(9). Suppose 0 = -r*u, 0 = -5*g + 9*g - 5*u - 160. Is g a multiple of 12?
False
Suppose -6*l = -5*s - l + 15, 0 = -s - 3*l - 17. Does 3 divide 3 - (-4)/s - -6?
False
Let i(u) = 2*u - 10. Let p be i(10). Does 4 divide (p + -2)*(-9)/(-12)?
False
Let k(n) = -1. Let t(y) = -2*y + 10. Let c(p) = 6*p - 31. Let o(g) = 4*c(g) + 11*t(g). Let z(s) = -6*k(s) + o(s). Is 4 a factor of z(8)?
True
Let a(c) be the third derivative of -c**2 + 1/8*c**4 + 0*c + 0 - 5/6*c**3 + 1/30*c**5. Is 6 a factor of a(-4)?
False
Suppose d + 7 = 145. Is 23 a factor of d?
True
Let c(w) = 5*w**2 - 3*w - 1. Let b be c(3). Suppose -m - b + 5 = 0. Let p = 55 + m. Is 9 a factor of p?
False
Suppose -4*d - 2*a = 2, d + 5*a = -0*a - 23. Let c = 1 + d. Suppose -23 = -c*w + 1. Is w a multiple of 8?
True
Let p = 4 - 2. Suppose 0 = l - p, -7 = -2*t - 3*l + 79. Suppose 4*v - t = 4*a, -3*v - a + 27 = -5*a. Is 8 a factor of v?
False
Suppose -g + 25 - 7 = 0. Is g a multiple of 6?
True
Suppose 18 = 5*q + 3. Let y(h) = 5*h + h**2 - 3*h + 7 + h**q - h. Does 4 divide y(0)?
False
Let r be 4 - ((-1 - -4) + -1). Suppose -5*k + 30 = p, -r*k = 4*p - 5*k - 143. Is p a multiple of 12?
False
Suppose 3*g = -4 + 16. Is 4 a factor of g?
True
Let k(z) = -z**2 + z. Let o be k(2). Let y be -4 + (-3 - 2*o). Is 4/(-6) + (-167)/y a multiple of 16?
False
Let l(f) = -2*f - 5. Suppose -4*o = -0*o + 24. Is l(o) even?
False
Let y(n) = 15*n**2 - 3*n + 2. Let s be y(4). Suppose p + s = 5*x, -15 = -0*p + 3*p. Suppose r = -2*r + x. Does 5 divide r?
True
Suppose 0 = -4*v + 3*v + 6. Let j be v/8 + (-125)/(-4). Suppose w + w - j = 0. Is w a multiple of 16?
True
Let a(p) = -p**3 + 24*p**2 + 3*p - 26. Does 22 divide a(24)?
False
Let v be (-34)/(-10) - (-2)/(-5). Suppose -m - v*m = 8. Let t(r) = 4*r**2 + 3*r + 1. Is 8 a factor of t(m)?
False
Does 6 divide ((-256)/12)/((-2)/9)?
True
Suppose -5*l = n - 249, n = -3*l - 33 + 272. Does 14 divide n?
True
Let b = -7 + 9. Let h be b/(-6) + 291/9. Suppose -3*j = 2*s - 34, 3*j + s = -0*s + h. Does 3 divide j?
False
Let d = 26 - 46. Let i = d - -59. Is i a multiple of 14?
False
Does 3 divide ((-4)/8)/((-2)/68)?
False
Suppose -2*u + 3*w + 47 = 0, -2*u + u = -4*w - 11. Let t = u + -45. Is 5 a factor of (t/(-3))/(4/12)?
False
Let l = -984 + 507. Let h = -311 - l. Suppose 2*i + 183 + 38 = 5*y, 0 = -4*y - 2*i + h. Is 21 a factor of y?
False
Let k = 11 + -8. Suppose -4*j = k - 19. Suppose 3*t - 5*g - 58 = 0, 2*t + j*g = g + 7. Does 10 divide t?
False
Suppose -f = -5*q - 21, 6*f - f - 2*q = 197. Let v = 78 - f. Does 10 divide v?
False
Is -218*(-4)/16*2 a multiple of 17?
False
Suppose 4*x + 3 + 1 = 0. Is (8/(-28))/(x/14) a multiple of 4?
True
Suppose 2*g + 0*g = -5*l + 257, g = 3*l - 152. Is 14 a factor of l?
False
Suppose 0 = 7*i - 6*i - 47. Does 18 divide i?
False
Suppose -34 = -4*m + 2*g, -5*g + 2*g = -3*m + 24. Is 1*(-3)/(m/(-33)) a multiple of 3?
False
Suppose k - 3 = -0*k. Let v = -5 + k. Is (-26)/(v*2/4) a multiple of 13?
True
Is (-36)/(-9)*30/8 a multiple of 15?
True
Let b be 125/(-3) + (-2)/(-3). Let s = b + 22. Let j = s - -46. Does 9 divide j?
True
Let t(f) = 4 + 0*f**2 + 0*f - 8*f**2 - 3*f + 9*f**2. Does 13 divide t(-4)?
False
Let q(k) = 2*k**2 - 6*k + 5. Let y(w) = -2*w**2 + 6*w - 6. Let o(t) = 6*q(t) + 5*y(t). Is 3 a factor of o(4)?
False
Suppose -6*b + 10*b - 180 = 0. Suppose 0 = -5*m + 10 + b. Is m a multiple of 5?
False
Suppose 2*t - 36 = 12. Suppose -a - 2 = -t. Is a a multiple of 7?
False
Suppose -2*g - 85 = -m + 3*g, 0 = -2*g + 2. Is m a multiple of 36?
False
Suppose 9*u = 8*u + 8. Is 8 a factor of u?
True
Let y be ((-4)/(-10))/(2/10). Suppose y*j + 16 = -16. Does 6 divide j/(-6)*(-27)/(-12)?
True
Let y(h) = h**3 - 6*h**2 + 4*h - 2. Let n be y(5). Let a = n - -35. Is 17 a factor of a?
False
Let k(v) = -12*v + 52. Is k(-12) a multiple of 10?
False
Suppose -3*y = -4*z + 5 + 3, 0 = 4*y + 2*z - 26. Suppose -y*j + 71 = -121. Does 16 divide j?
True
Let z(i) = -i**2 + 5*i + 3. Let b be (1/(-3))/((-6)/90). Is 3 a factor of z(b)?
True
Let h(p) = 41*p**2 - 4*p - 13. Is h(-2) a multiple of 43?
False
Is 530/12 - (-6)/(-36) a multiple of 9?
False
Suppose -5*x - 4*d = -0*d - 32, -4*x + 38 = -3*d. Let t = x + -3. Suppose 3*v = -2*h - 2*v + 61, 0 = -3*h + t*v + 54. Is 14 a factor of h?
False
Suppose -2*b - b = 9. Let x be b/18 - (-50)/12. Suppose 2*w - 5*w + x*p + 72 = 0, 4*w - 2*p = 106. Is w a multiple of 14?
True
Let x = 22 - 24. Does 26 divide ((-11)/x)/((-3)/(-30))?
False
Let n = 54 + -47. Is 3 a factor of n?
False
Let v = -13 + 19. Suppose v = -3*y + 18. Suppose 9*g - y*g - 85 = -b, -4*g + 44 = -4*b. Is g a multiple of 8?
True
Let k = 1 + -3. Does 5 divide 11 + k*2/4?
True
Suppose -25 = 5*g - 10. Is (-556)/(-8) + g/6 a multiple of 22?
False
Suppose -d + 0 = 32. Let i = 48 - 1. Let w = i + d. Does 6 divide w?
False
Let s = 130 - 64. Is s a multiple of 22?
True
Suppose -3*j = -9 + 6. Is (j + 0)/(3/33) even?
False
Suppose 2*g - 41 = 95. Does 17 divide g?
True
Let n(h) = 2*h + 12. Let x be n(-5). Suppose -z - 3 + 5 = 0. Suppose x*j = -z*j + 56. Does 14 divide j?
True
Let p(z) = -z**3 - 11*z**2 - 11*z + 3. Suppose -2*q + 2*t - 18 = 0, -3*q + t - 34 = 5*t. Is p(q) a multiple of 11?
False
Suppose 0 = 2*z + 3*t - 244, 4*z - 2*t = -3*t + 508. Is (-6)/18 - z/(-6) a multiple of 8?
False
Let l(n) = 15*n**2 - n. Suppose 0 = -3*r - 2*q - 7, -2*r + 4*q = -19 - 3. Is 13 a factor of l(r)?
False
Let j(d) = -d - 2. Let m be j(-16). Let y = 103 - m. Does 34 divide y?
False
Let g(c) = 4*c - 2 - 4*c**3 + 1 - 4*c. Is g(-1) a multiple of 3?
True
Let p(n) = -n**3 - 3*n**2 + 3*n - 4. Let t be p(-4). Let g be t*2/6 + 9. Suppose 0 = -h + 4*l - g, h + 4*l - 31 = -0*l. Does 11 divide h?
True
Let d be (2 - 2)/(8/4). Suppose d = -3*p + p + 94. Is 23 a factor of p?
False
Let z(n) = -2*n - 2. Let s be z(-3). Let r be 1/s - 1/4. Let w(j) = -j**3 - j + 15. Is 15 a factor of w(r)?
True
Suppose 2 = -2*a + 10. Suppose 3*b + 0*k - 4*k = 0, -a*b - 3*k = 0. Suppose -4*d + 70 = -b*p + 2*p, 5*d - 60 = 3*p. Is d a multiple of 15?
True
Suppose 4*l = -0*l, 4*p - l - 104 = 0. Is p a multiple of 9?
False
Does 32 divide 30*(-2)/((-2)/(8/6))?
False
Suppose -3 = 2*u - 5. Does 2 divide 21/5 + u/(-5)?
True
Let r = 10 - 18. Is 1/(-1 - 0)*r a multiple of 6?
False
Suppose 3*o - 236 = o. Suppose -o + 472 = 6*r. Is 15 a factor of r?
False
Suppose 1 = 3*d - 5. Let l(r) = 2*r**3 - 4*r**3 - 2*r + r**2 + 5*r**3. Is l(d) a multiple of 12?
True
Suppose 0 = 3*h - h - 6. Suppose 4 = h*m - 8. Suppose -z + m*p + p + 68 = 0, 0 = -2*p - 4. Is 